{"id":2158,"date":"2020-05-12T07:27:29","date_gmt":"2020-05-12T07:27:29","guid":{"rendered":"http:\/\/localhost\/theratio\/?page_id=2158"},"modified":"2023-02-16T17:38:22","modified_gmt":"2023-02-16T14:38:22","slug":"baskanin-mesaji","status":"publish","type":"page","link":"https:\/\/www.ismailcelikinsaat.com.tr\/index.php\/baskanin-mesaji\/","title":{"rendered":"Ba\u015fkan\u0131n Mesaj\u0131"},"content":{"rendered":"\t\t<div data-elementor-type=\"wp-page\" data-elementor-id=\"2158\" class=\"elementor elementor-2158\">\n\t\t\t\t\t\t\t\t\t<section class=\"elementor-section elementor-top-section elementor-element elementor-element-6b40a55 elementor-section-boxed elementor-section-height-default elementor-section-height-default\" data-id=\"6b40a55\" data-element_type=\"section\">\n\t\t\t\t\t\t<div class=\"elementor-container elementor-column-gap-default\">\n\t\t\t\t\t<div class=\"elementor-column elementor-col-100 elementor-top-column elementor-element elementor-element-e79cf7d ot-flex-column-vertical\" data-id=\"e79cf7d\" data-element_type=\"column\">\n\t\t\t<div class=\"elementor-widget-wrap elementor-element-populated\">\n\t\t\t\t\t\t\t\t<div class=\"elementor-element elementor-element-d6cf735 elementor-widget elementor-widget-spacer\" data-id=\"d6cf735\" data-element_type=\"widget\" data-widget_type=\"spacer.default\">\n\t\t\t\t<div class=\"elementor-widget-container\">\n\t\t\t<style>\/*! elementor - v3.8.0 - 30-10-2022 *\/\n.elementor-column .elementor-spacer-inner{height:var(--spacer-size)}.e-con{--container-widget-width:100%}.e-con-inner>.elementor-widget-spacer,.e-con>.elementor-widget-spacer{width:var(--container-widget-width,var(--spacer-size));-ms-flex-item-align:stretch;align-self:stretch;-ms-flex-negative:0;flex-shrink:0}.e-con-inner>.elementor-widget-spacer>.elementor-widget-container,.e-con-inner>.elementor-widget-spacer>.elementor-widget-container>.elementor-spacer,.e-con>.elementor-widget-spacer>.elementor-widget-container,.e-con>.elementor-widget-spacer>.elementor-widget-container>.elementor-spacer{height:100%}.e-con-inner>.elementor-widget-spacer>.elementor-widget-container>.elementor-spacer>.elementor-spacer-inner,.e-con>.elementor-widget-spacer>.elementor-widget-container>.elementor-spacer>.elementor-spacer-inner{height:var(--container-widget-height,var(--spacer-size))}<\/style>\t\t<div class=\"elementor-spacer\">\n\t\t\t<div class=\"elementor-spacer-inner\"><\/div>\n\t\t<\/div>\n\t\t\t\t<\/div>\n\t\t\t\t<\/div>\n\t\t\t\t\t<\/div>\n\t\t<\/div>\n\t\t\t\t\t\t\t<\/div>\n\t\t<\/section>\n\t\t\t\t<section class=\"elementor-section elementor-top-section elementor-element elementor-element-932e778 elementor-section-boxed elementor-section-height-default elementor-section-height-default\" data-id=\"932e778\" data-element_type=\"section\">\n\t\t\t\t\t\t<div class=\"elementor-container elementor-column-gap-default\">\n\t\t\t\t\t<div class=\"elementor-column elementor-col-100 elementor-top-column elementor-element elementor-element-8ae683f ot-flex-column-vertical\" data-id=\"8ae683f\" data-element_type=\"column\">\n\t\t\t<div class=\"elementor-widget-wrap elementor-element-populated\">\n\t\t\t\t\t\t\t\t<div class=\"elementor-element elementor-element-fa67d61 elementor-widget elementor-widget-heading\" data-id=\"fa67d61\" data-element_type=\"widget\" data-widget_type=\"heading.default\">\n\t\t\t\t<div class=\"elementor-widget-container\">\n\t\t\t<style>\/*! elementor - v3.8.0 - 30-10-2022 *\/\n.elementor-heading-title{padding:0;margin:0;line-height:1}.elementor-widget-heading .elementor-heading-title[class*=elementor-size-]>a{color:inherit;font-size:inherit;line-height:inherit}.elementor-widget-heading .elementor-heading-title.elementor-size-small{font-size:15px}.elementor-widget-heading .elementor-heading-title.elementor-size-medium{font-size:19px}.elementor-widget-heading .elementor-heading-title.elementor-size-large{font-size:29px}.elementor-widget-heading .elementor-heading-title.elementor-size-xl{font-size:39px}.elementor-widget-heading .elementor-heading-title.elementor-size-xxl{font-size:59px}<\/style><h2 class=\"elementor-heading-title elementor-size-default\">Ba\u015fkan\u0131n Mesaj\u0131<\/h2>\t\t<\/div>\n\t\t\t\t<\/div>\n\t\t\t\t\t<\/div>\n\t\t<\/div>\n\t\t\t\t\t\t\t<\/div>\n\t\t<\/section>\n\t\t\t\t<section class=\"elementor-section elementor-top-section elementor-element elementor-element-adff6d1 elementor-section-boxed elementor-section-height-default elementor-section-height-default\" data-id=\"adff6d1\" data-element_type=\"section\">\n\t\t\t\t\t\t<div class=\"elementor-container elementor-column-gap-default\">\n\t\t\t\t\t<div class=\"elementor-column elementor-col-100 elementor-top-column elementor-element elementor-element-e7e5b1c ot-flex-column-vertical\" data-id=\"e7e5b1c\" data-element_type=\"column\">\n\t\t\t<div class=\"elementor-widget-wrap elementor-element-populated\">\n\t\t\t\t\t\t\t\t<div class=\"elementor-element elementor-element-4b5d19b elementor-widget elementor-widget-spacer\" data-id=\"4b5d19b\" data-element_type=\"widget\" data-widget_type=\"spacer.default\">\n\t\t\t\t<div class=\"elementor-widget-container\">\n\t\t\t\t\t<div class=\"elementor-spacer\">\n\t\t\t<div class=\"elementor-spacer-inner\"><\/div>\n\t\t<\/div>\n\t\t\t\t<\/div>\n\t\t\t\t<\/div>\n\t\t\t\t\t<\/div>\n\t\t<\/div>\n\t\t\t\t\t\t\t<\/div>\n\t\t<\/section>\n\t\t\t\t<section class=\"elementor-section elementor-top-section elementor-element elementor-element-68c05c9 elementor-section-boxed elementor-section-height-default elementor-section-height-default\" data-id=\"68c05c9\" data-element_type=\"section\">\n\t\t\t\t\t\t<div class=\"elementor-container elementor-column-gap-default\">\n\t\t\t\t\t<div class=\"elementor-column elementor-col-100 elementor-top-column elementor-element elementor-element-62adeff ot-flex-column-vertical\" data-id=\"62adeff\" data-element_type=\"column\">\n\t\t\t<div class=\"elementor-widget-wrap elementor-element-populated\">\n\t\t\t\t\t\t\t\t<div class=\"elementor-element elementor-element-e9d6cea elementor-widget elementor-widget-text-editor\" data-id=\"e9d6cea\" data-element_type=\"widget\" data-widget_type=\"text-editor.default\">\n\t\t\t\t<div class=\"elementor-widget-container\">\n\t\t\t<style>\/*! elementor - v3.8.0 - 30-10-2022 *\/\n.elementor-widget-text-editor.elementor-drop-cap-view-stacked .elementor-drop-cap{background-color:#818a91;color:#fff}.elementor-widget-text-editor.elementor-drop-cap-view-framed .elementor-drop-cap{color:#818a91;border:3px solid;background-color:transparent}.elementor-widget-text-editor:not(.elementor-drop-cap-view-default) .elementor-drop-cap{margin-top:8px}.elementor-widget-text-editor:not(.elementor-drop-cap-view-default) .elementor-drop-cap-letter{width:1em;height:1em}.elementor-widget-text-editor .elementor-drop-cap{float:left;text-align:center;line-height:1;font-size:50px}.elementor-widget-text-editor .elementor-drop-cap-letter{display:inline-block}<\/style>\t\t\t\t<p>1991 y\u0131l\u0131nda in\u015faat sekt\u00f6r\u00fcnde faaliyet g\u00f6stermek \u00fczere kurmu\u015f oldu\u011fumuz \u0130smail \u00c7elik \u0130n\u015faat Sanayi ve Ticaret Ltd. \u015eti.\u2019ni, bug\u00fcn in\u015faat, enerji, petrol ile turizm sekt\u00f6rlerini i\u00e7eren ve binlerce \u00e7al\u0131\u015fan\u0131 b\u00fcnyesinde bulunduran bir\u00e7ok \u015firketten olu\u015fan<br \/>\u0130smail \u00c7elik \u015eirketler Grubu\u2019na d\u00f6n\u00fc\u015ft\u00fcrd\u00fck. \u015eah\u0131s \u015firketinden grup haline geli\u015fimizi kaliteden \u00f6d\u00fcn vermeden sistemli \u00e7al\u0131\u015fmam\u0131za, kuvvetli altyap\u0131m\u0131za, deneyimli<br \/>kadromuza ve g\u00fc\u00e7l\u00fc finansman yap\u0131m\u0131za bor\u00e7luyuz.<\/p><p>20 y\u0131l\u0131m\u0131z\u0131 tamamlam\u0131\u015f oldu\u011fumuz bug\u00fcnlerde; \u00e7a\u011fda\u015f y\u00f6netim bi\u00e7imimizle, g\u00fc\u00e7l\u00fc makine ve ekipman park\u0131m\u0131zla, finansal g\u00fcc\u00fcm\u00fczle ve uzmanla\u015fm\u0131\u015f nitelikli insan kayna\u011f\u0131m\u0131zla yurt i\u00e7inde ve yurt d\u0131\u015f\u0131nda daha b\u00fcy\u00fck projelere imza ataca\u011f\u0131m\u0131za inanc\u0131m sonsuzdur.<\/p><p>\u0130smail \u00c7elik \u015eirketler Grubu olarak, \u00fclkemizin geli\u015fmesine katk\u0131da bulunmak i\u00e7in alanlara girerek ve yat\u0131r\u0131m yaparak, \u00fczerimize d\u00fc\u015fen g\u00f6revi en iyi \u015fekilde \u00fcstlenmenin heyecan\u0131 ve gururu i\u00e7indeyiz.<\/p><p>Bug\u00fcne kadar \u00fclkemizdeki altyap\u0131 i\u015flerinin ger\u00e7ekle\u015ftirilmesinde \u00f6nemli bir g\u00f6rev \u00fcstlendik. Bu g\u00f6revin yerine getirilmesinde bizlerin yan\u0131 s\u0131ra en g\u00fc\u00e7l\u00fc dayana\u011f\u0131m\u0131z, ba\u015farma azmimiz, d\u00fcr\u00fcstl\u00fck ve \u015feffafl\u0131k anlay\u0131\u015f\u0131m\u0131z ile sahip oldu\u011fumuz \u00f6zverili ve nitelikli insan kayna\u011f\u0131m\u0131zd\u0131r.<\/p><p>Ba\u015fta \u00e7al\u0131\u015fanlar\u0131m\u0131z olmak \u00fczere, tedarik\u00e7ilerimize ve bize g\u00fcvenerek projelerini hayata ge\u00e7irme olana\u011f\u0131n\u0131 veren t\u00fcm kurum ve kurulu\u015flara te\u015fekk\u00fcr ediyorum.<\/p><p>Y\u00f6netim Kurulu Ba\u015fkan\u0131- \u0130smail \u00c7EL\u0130K<\/p>\t\t\t\t\t\t<\/div>\n\t\t\t\t<\/div>\n\t\t\t\t\t<\/div>\n\t\t<\/div>\n\t\t\t\t\t\t\t<\/div>\n\t\t<\/section>\n\t\t\t\t<section class=\"elementor-section elementor-top-section elementor-element elementor-element-2e0da2a elementor-section-boxed elementor-section-height-default elementor-section-height-default\" data-id=\"2e0da2a\" data-element_type=\"section\">\n\t\t\t\t\t\t<div class=\"elementor-container elementor-column-gap-default\">\n\t\t\t\t\t<div class=\"elementor-column elementor-col-100 elementor-top-column elementor-element elementor-element-5fb5744 ot-flex-column-vertical\" data-id=\"5fb5744\" data-element_type=\"column\">\n\t\t\t<div class=\"elementor-widget-wrap elementor-element-populated\">\n\t\t\t\t\t\t\t\t<div class=\"elementor-element elementor-element-f16ad0c elementor-widget elementor-widget-spacer\" data-id=\"f16ad0c\" data-element_type=\"widget\" data-widget_type=\"spacer.default\">\n\t\t\t\t<div class=\"elementor-widget-container\">\n\t\t\t\t\t<div class=\"elementor-spacer\">\n\t\t\t<div class=\"elementor-spacer-inner\"><\/div>\n\t\t<\/div>\n\t\t\t\t<\/div>\n\t\t\t\t<\/div>\n\t\t\t\t\t<\/div>\n\t\t<\/div>\n\t\t\t\t\t\t\t<\/div>\n\t\t<\/section>\n\t\t\t\t\t\t\t<\/div>\n\t\t","protected":false},"excerpt":{"rendered":"<p>Ba\u015fkan\u0131n Mesaj\u0131 1991 y\u0131l\u0131nda in\u015faat sekt\u00f6r\u00fcnde faaliyet g\u00f6stermek \u00fczere kurmu\u015f oldu\u011fumuz \u0130smail \u00c7elik \u0130n\u015faat Sanayi ve Ticaret Ltd. \u015eti.\u2019ni, bug\u00fcn in\u015faat, enerji, petrol ile turizm sekt\u00f6rlerini i\u00e7eren ve binlerce \u00e7al\u0131\u015fan\u0131 b\u00fcnyesinde bulunduran bir\u00e7ok \u015firketten olu\u015fan \u0130smail \u00c7elik \u015eirketler Grubu\u2019na d\u00f6n\u00fc\u015ft\u00fcrd\u00fck. \u015eah\u0131s \u015firketinden grup haline geli\u015fimizi kaliteden \u00f6d\u00fcn vermeden sistemli \u00e7al\u0131\u015fmam\u0131za, kuvvetli altyap\u0131m\u0131za, deneyimli kadromuza ve [&hellip;]<\/p>\n","protected":false},"author":1,"featured_media":0,"parent":0,"menu_order":0,"comment_status":"closed","ping_status":"closed","template":"","meta":[],"_links":{"self":[{"href":"https:\/\/www.ismailcelikinsaat.com.tr\/index.php\/wp-json\/wp\/v2\/pages\/2158"}],"collection":[{"href":"https:\/\/www.ismailcelikinsaat.com.tr\/index.php\/wp-json\/wp\/v2\/pages"}],"about":[{"href":"https:\/\/www.ismailcelikinsaat.com.tr\/index.php\/wp-json\/wp\/v2\/types\/page"}],"author":[{"embeddable":true,"href":"https:\/\/www.ismailcelikinsaat.com.tr\/index.php\/wp-json\/wp\/v2\/users\/1"}],"replies":[{"embeddable":true,"href":"https:\/\/www.ismailcelikinsaat.com.tr\/index.php\/wp-json\/wp\/v2\/comments?post=2158"}],"version-history":[{"count":25,"href":"https:\/\/www.ismailcelikinsaat.com.tr\/index.php\/wp-json\/wp\/v2\/pages\/2158\/revisions"}],"predecessor-version":[{"id":5255,"href":"https:\/\/www.ismailcelikinsaat.com.tr\/index.php\/wp-json\/wp\/v2\/pages\/2158\/revisions\/5255"}],"wp:attachment":[{"href":"https:\/\/www.ismailcelikinsaat.com.tr\/index.php\/wp-json\/wp\/v2\/media?parent=2158"}],"curies":[{"name":"wp","href":"https:\/\/api.w.org\/{rel}","templated":true}]}}